pose 0 = -0*n - 2*n + 2. Let x be (-1)/(n*(-1)/4). Suppose -3*g - x*u = u - 17, -24 = -2*g + 3*u. What is the units digit of g?
9
Suppose 2*w + w - 216 = 0. What is the tens digit of w?
7
Suppose 0 = 3*n - 8*n. Suppose n*a + a - 25 = 2*x, 45 = 2*a - 5*x. What is the units digit of a?
5
Let t = 33 - 49. Let l be (1 - 0) + 0 - 1. Let j = l - t. What is the tens digit of j?
1
Let r(v) = -6*v + 23. What is the tens digit of r(-8)?
7
Let b(y) = y**3 + 5*y**2 + 4*y + 1. Let n be b(-4). Let u = n - 0. What is the units digit of u?
1
Let w(d) = 3*d - 3. Let x be 3 - 6 - (-1 - -1). Let r = x - -5. What is the units digit of w(r)?
3
Suppose -20 + 5 = 5*b. Let o be b/9*-2*3. Suppose 2*c = o, 2*a + 2*c = 3*c + 11. What is the units digit of a?
6
What is the units digit of (3/(9/141))/1?
7
Let m be -6*3/(-3) + -2. Let l = 5 - m. What is the units digit of 7 - (0 - l - -1)?
7
Let n = -63 - -72. What is the units digit of n?
9
Let m(f) = -f**2 - 2*f - 3. Let k be m(-4). Let n = k + 1. What is the tens digit of (12/10)/((-1)/n)?
1
Let a be 11/(-4) - 7/28. Let m = a + 3. Suppose -4*i + 5*i - 5*z - 30 = m, 0 = -3*i - 2*z + 5. What is the units digit of i?
5
What is the tens digit of 3 + (-4)/((-4)/11)?
1
Let q(y) = 7*y**2 + 2*y - y**2 + 3 + 2*y + y**3. What is the units digit of q(-4)?
9
Let h(t) = -t**3 + 7*t**2 + 8*t + 9. What is the tens digit of h(7)?
6
Suppose 7*o - 80 = 3*o. What is the units digit of o?
0
Let n = 179 + -108. What is the tens digit of n?
7
Let h(y) = -2*y**2 - 40*y - 22. Let o(n) = n**2 + 16*n + 9. Let p(a) = 5*h(a) + 12*o(a). What is the units digit of p(5)?
8
Let v(x) = x + 18. Suppose -4 - 5 = h. What is the units digit of v(h)?
9
Let k(f) = 3*f**2 - 7*f + 1. What is the tens digit of k(5)?
4
Let j = 34 + -13. What is the tens digit of j?
2
Suppose s - 5 = -1. Let n = 5 - s. What is the units digit of n?
1
Suppose -3*v - n + 15 = -v, 4*v + 3*n = 29. What is the units digit of v?
8
Let t(n) = 5*n**2. Suppose -1 = -p + 2*p. What is the units digit of t(p)?
5
Let w(p) = 2 + 0 + 8*p**2 - 6*p + p**3 - 4*p**2. Let h = -2 - 3. What is the units digit of w(h)?
7
Let p = 177 + -80. What is the tens digit of p?
9
Let d(m) be the third derivative of m**4/8 + m**2. Suppose -3 = -k - 0. What is the units digit of d(k)?
9
Let f be 2/(-12)*-2*15. Let d(a) = -6 - a + 3*a + 3. What is the units digit of d(f)?
7
Let t be (-16)/(-12) - 5/(-3). Suppose 4*d + 0*d + 2*c = 130, 0 = 2*d + t*c - 75. What is the tens digit of d?
3
Let n = -112 + 189. What is the tens digit of n?
7
Let q(n) = n**2 - 2*n + 2. Let x be q(3). Suppose -x*w + 8 + 62 = 0. What is the tens digit of w?
1
Suppose 0 = -3*b - w + 617, -w + 0*w = -5*b + 1039. What is the tens digit of b?
0
Let c = 274 - 173. What is the hundreds digit of c?
1
Suppose -5*k + 4*z + 30 = -z, -25 = -4*k + 5*z. Suppose -45 = -k*q + 15. What is the units digit of q?
2
Suppose -1 = -2*f + 1. Suppose -f = -5*a - 6. What is the units digit of (-6)/a - (-1 + 4)?
3
Suppose 15*w - 16 = 14*w. What is the tens digit of w?
1
Suppose -2*j + 0*j = -58. What is the tens digit of j?
2
Let g be (-3)/6 - 9/2. Let y(k) = k**3 + 4*k**2 - 5*k. Let t be y(g). Suppose t*f - 9 = -3*f. What is the units digit of f?
3
Let g = 3 + 0. Let s be 4/(-3)*(-6)/4. Suppose s*c - g*c = -4. What is the units digit of c?
4
Let d be 1 + 0 + (2 - 3). Suppose d = -2*y + p + 23, 3*p = -y - p - 2. What is the tens digit of y?
1
Let r(c) = -c**3 + 2*c**2 + 4*c. What is the tens digit of r(-3)?
3
Let i(h) = -h**3 - 6*h**2 + 8*h + 2. Let x be i(-7). Let c = x + 9. What is the units digit of c?
4
Suppose 56 = 5*f - f. Let g = 4 - f. Let p = g + 16. What is the units digit of p?
6
Let y(x) = -6*x - 1 - 2*x - 8*x + 4*x. What is the units digit of y(-2)?
3
Suppose -4*u = -4*h - 148, 0*u - 41 = -u + 2*h. Suppose u = 3*a + 3*w, -a = 2*a - w - 25. What is the units digit of a?
9
Let d be -5*((-204)/15 + -2). Suppose -5*c + 4*t + d = 0, 13 = c + t + 1. What is the tens digit of c?
1
Suppose -381 = -8*t + 67. What is the units digit of t?
6
Let q(u) = u + 2. Let r(x) = 1. Let z(y) = q(y) - 2*r(y). Let t(s) = s**2 - 8*s - 4. Let k(j) = t(j) + 2*z(j). What is the units digit of k(7)?
3
Suppose 0 = 5*m + 3*r - 32, 2*m + m + r = 20. Let p(q) be the second derivative of q**3/6 + q**2/2 - q. What is the units digit of p(m)?
8
Let o(m) = 4*m**3 + 5*m**2 - 16*m + 4. Let w(g) = -3*g**3 - 6*g**2 + 15*g - 4. Let h(x) = 4*o(x) + 5*w(x). Let j = -8 + 17. What is the units digit of h(j)?
4
Suppose 0*h + 4*h - 60 = 0. What is the tens digit of h?
1
Suppose x + 158 = 5*x - y, y = x - 38. Suppose -j = -4*i + 3*j - x, -j + 20 = -3*i. What is the units digit of (-1)/i - (-19)/5?
4
Let a(v) be the second derivative of -2*v**3/3 - 13*v**2/2 + 2*v. What is the tens digit of a(-6)?
1
Suppose 4*r + 18 = v + v, 2*v + 2*r = 18. Suppose -t + v = -0*t. What is the units digit of t?
9
Suppose -4*x = 14 + 98. What is the units digit of 3 + -6 - (x - -2)?
3
Suppose 0*b - a = -4*b + 1570, 2*b + 3*a = 778. What is the tens digit of b?
9
Suppose 4*s - 29 = -3*i, -3*s = 3*i - 32 + 8. Suppose 0 = -3*j - i + 15. Suppose -j*r = 42 - 134. What is the tens digit of r?
2
Let h be (-2)/(-4)*2 - -2. Suppose -73 = -2*a - 0*a + h*v, 0 = -a + 4*v + 44. Suppose -4*b = -2*s - 18, 0*b + a = b + 5*s. What is the units digit of b?
7
Suppose 2*c = -2*c + 72. Suppose c - 72 = -z. What is the tens digit of z?
5
Let a(o) = -o**2 - 4*o - 3. Let j be a(-4). Let b(u) = u. Let r be b(-2). What is the units digit of j*(-4 - (0 + r))?
6
Let p = 0 + -8. Let a = p + 11. Suppose 0 = a*t - 6*x + x - 28, -5*t = 3*x + 10. What is the units digit of t?
1
Suppose 0 = 4*d + 10 - 30. Suppose n - 4 = -5*k - 14, 3*n + d*k + 10 = 0. Let o = n - -4. What is the units digit of o?
4
Let r(t) = -t**3 - 2*t**2 + 4*t - 3. What is the tens digit of r(-4)?
1
Let l(x) = -3*x + 1. Let c(q) = -2*q - 6. Let r be c(-4). Let h(v) = -v - 1. Let w be h(r). What is the tens digit of l(w)?
1
Suppose -21*z + 36 = -19*z. What is the tens digit of z?
1
What is the tens digit of (0 + 1)*-4 - 83*-1?
7
Suppose -21 - 79 = -4*j - 2*d, -5*j + 155 = -5*d. What is the tens digit of j?
2
Suppose 2*x = 4*t - 464, -2*t + 3*x = -0*x - 224. What is the hundreds digit of t?
1
Let u(y) = -y**2 - 6*y - 6. Let v be u(-4). Suppose 3*c + v*f - 86 = 0, -c + 2*f - 60 = -3*c. What is the tens digit of c?
2
Suppose -5*n + 2*n + 9 = 0. Suppose n*h - 105 = -3*x, 2*x + 3*x = 3*h - 105. Suppose 3*g = -2*g + h. What is the units digit of g?
7
Suppose -5*f = 2*z - 17, 3*f = 4*z + 4 + 1. Suppose 3*w = -5*g + 4, -2*g + 2*w = f*w - 2. What is the units digit of g?
2
Let l(v) = v**3 - 3*v**2 + 3*v - 4. Let f be l(4). Suppose -2*s - p - 35 = 2*s, 3*s + f = -3*p. What is the tens digit of (-6)/18*5*s?
1
Suppose z + 52 = 3*z. What is the units digit of z?
6
Suppose 0 = 5*u - 2*u - 5*y, 10 = 5*u - 5*y. Let n(d) = d**2 - 4*d + 1. What is the units digit of n(u)?
6
Let h(o) = -41*o**3 + o**2. Let i(z) = z**2 + 5*z + 3. Let w be i(-4). What is the units digit of h(w)?
2
Suppose -2*f = 4*i - 20, 6 = 5*f + 3*i - 37. Let t = 5 - f. Let d = t + 9. What is the units digit of d?
6
Let f = -12 - -9. What is the units digit of -2 + 3 - -1 - f?
5
Suppose -2*f - 5*j = -145, -9*j + 4*j = f - 70. What is the tens digit of f?
7
Let w(y) = y**3 - 5*y**2 + y - 3. Let n = -8 - -8. Suppose -3*z + 15 = -n*z. What is the units digit of w(z)?
2
Suppose -3*h + o + 34 = -37, 33 = h + 2*o. Let j = -42 + h. Let z = -8 - j. What is the units digit of z?
9
Suppose -u - 5*c + 51 = 0, 2*u + 2*u + c = 280. What is the units digit of u?
1
Let u(s) = -s**2 + 10*s - 3. Let t be (2 - (-42)/(-15))*-10. What is the tens digit of u(t)?
1
Let c(h) = h**2 + 5*h - 7. Let a be c(-5). Let b(q) = q**3 + 8*q**2 + 4*q - 9. What is the tens digit of b(a)?
1
Suppose 3*y = 4*c - 213, 0 = 7*c - 6*c + 3*y - 57. Suppose o = 4*k - c, -k + 2*o + 12 = o. What is the tens digit of k?
1
Let y(r) be the second derivative of -r**4/12 - r**3/6 - r**2/2 + 2*r. Let c be y(-2). Let b = -2 - c. What is the units digit of b?
1
What is the hundreds digit of (-4 + (-15)/(-9))*69/(-1)?
1
Let r(i) = -i**3 + 4*i**2 + 6*i - 1. Let w be r(5). Suppose -4*y + 22 = -s, w*s - 7 = -3*y - 0*y. What is the units digit of y?
5
Suppose f = -f + 54. Let i = f - 19. What